{"id":4493,"date":"2024-06-07T06:43:29","date_gmt":"2024-06-07T06:43:29","guid":{"rendered":"https:\/\/keti-test.it\/scae\/?post_type=product&#038;p=4493"},"modified":"2025-07-09T12:42:06","modified_gmt":"2025-07-09T12:42:06","slug":"smc-mobile","status":"publish","type":"product","link":"https:\/\/keti-test.it\/scae\/product\/smc-mobile\/","title":{"rendered":"SMC MOBILE"},"content":{"rendered":"","protected":false},"excerpt":{"rendered":"<p><strong>Semaforo Mobile da Cantiere<\/strong><\/p>\n<p><strong>SMC<\/strong> \u00e8 un <strong>apparecchio semaforico<\/strong> che trova il suo utilizzo in tutte quelle situazioni che richiedono un\u2019installazione temporanea di un senso unico alternato, incrocio, attraversamento pedonale, uscita mezzi da lavoro, cantieri stradali, ecc.<\/p>\n<p>\u00c8 stato concepito per offrire al cliente la massima flessibilit\u00e0 e facilit\u00e0 di utilizzo e per soddisfare le necessit\u00e0 dei pi\u00f9 esigenti.<\/p>\n","protected":false},"featured_media":5348,"comment_status":"closed","ping_status":"closed","template":"","meta":[],"product_cat":[60,61],"product_tag":[],"class_list":["post-4493","product","type-product","status-publish","has-post-thumbnail","hentry","product_cat-impianti-semaforici","product_cat-regolatori-semaforici"],"yoast_head":"<!-- This site is optimized with the Yoast SEO plugin v19.6 - https:\/\/yoast.com\/wordpress\/plugins\/seo\/ -->\n<title>SMC MOBILE - SCAE<\/title>\n<meta name=\"robots\" content=\"index, follow, max-snippet:-1, max-image-preview:large, max-video-preview:-1\" \/>\n<link rel=\"canonical\" href=\"https:\/\/keti-test.it\/scae\/product\/smc-mobile\/\" \/>\n<meta property=\"og:locale\" content=\"it_IT\" \/>\n<meta property=\"og:type\" content=\"article\" \/>\n<meta property=\"og:title\" content=\"SMC MOBILE - SCAE\" \/>\n<meta property=\"og:description\" content=\"Semaforo Mobile da Cantiere  SMC \u00e8 un apparecchio semaforico che trova il suo utilizzo in tutte quelle situazioni che richiedono un\u2019installazione temporanea di un senso unico alternato, incrocio, attraversamento pedonale, uscita mezzi da lavoro, cantieri stradali, ecc.  \u00c8 stato concepito per offrire al cliente la massima flessibilit\u00e0 e facilit\u00e0 di utilizzo e per soddisfare le necessit\u00e0 dei pi\u00f9 esigenti.\" \/>\n<meta property=\"og:url\" content=\"https:\/\/keti-test.it\/scae\/product\/smc-mobile\/\" \/>\n<meta property=\"og:site_name\" content=\"SCAE\" \/>\n<meta property=\"article:modified_time\" content=\"2025-07-09T12:42:06+00:00\" \/>\n<meta property=\"og:image\" content=\"https:\/\/keti-test.it\/scae\/wp-content\/uploads\/2022\/09\/scm-mobile.jpg\" \/>\n\t<meta property=\"og:image:width\" content=\"800\" \/>\n\t<meta property=\"og:image:height\" content=\"949\" \/>\n\t<meta property=\"og:image:type\" content=\"image\/jpeg\" \/>\n<meta name=\"twitter:card\" content=\"summary_large_image\" \/>\n<script type=\"application\/ld+json\" class=\"yoast-schema-graph\">{\"@context\":\"https:\/\/schema.org\",\"@graph\":[{\"@type\":\"WebPage\",\"@id\":\"https:\/\/keti-test.it\/scae\/product\/smc-mobile\/\",\"url\":\"https:\/\/keti-test.it\/scae\/product\/smc-mobile\/\",\"name\":\"SMC MOBILE - SCAE\",\"isPartOf\":{\"@id\":\"https:\/\/keti-test.it\/scae\/#website\"},\"datePublished\":\"2024-06-07T06:43:29+00:00\",\"dateModified\":\"2025-07-09T12:42:06+00:00\",\"breadcrumb\":{\"@id\":\"https:\/\/keti-test.it\/scae\/product\/smc-mobile\/#breadcrumb\"},\"inLanguage\":\"it-IT\",\"potentialAction\":[{\"@type\":\"ReadAction\",\"target\":[\"https:\/\/keti-test.it\/scae\/product\/smc-mobile\/\"]}]},{\"@type\":\"BreadcrumbList\",\"@id\":\"https:\/\/keti-test.it\/scae\/product\/smc-mobile\/#breadcrumb\",\"itemListElement\":[{\"@type\":\"ListItem\",\"position\":1,\"name\":\"Home\",\"item\":\"https:\/\/keti-test.it\/scae\/\"},{\"@type\":\"ListItem\",\"position\":2,\"name\":\"Prodotti\",\"item\":\"https:\/\/keti-test.it\/scae\/shop__trashed\/\"},{\"@type\":\"ListItem\",\"position\":3,\"name\":\"SMC MOBILE\"}]},{\"@type\":\"WebSite\",\"@id\":\"https:\/\/keti-test.it\/scae\/#website\",\"url\":\"https:\/\/keti-test.it\/scae\/\",\"name\":\"SCAE\",\"description\":\"Safe Mobility\",\"potentialAction\":[{\"@type\":\"SearchAction\",\"target\":{\"@type\":\"EntryPoint\",\"urlTemplate\":\"https:\/\/keti-test.it\/scae\/?s={search_term_string}\"},\"query-input\":\"required name=search_term_string\"}],\"inLanguage\":\"it-IT\"}]}<\/script>\n<!-- \/ Yoast SEO plugin. -->","yoast_head_json":{"title":"SMC MOBILE - SCAE","robots":{"index":"index","follow":"follow","max-snippet":"max-snippet:-1","max-image-preview":"max-image-preview:large","max-video-preview":"max-video-preview:-1"},"canonical":"https:\/\/keti-test.it\/scae\/product\/smc-mobile\/","og_locale":"it_IT","og_type":"article","og_title":"SMC MOBILE - SCAE","og_description":"Semaforo Mobile da Cantiere  SMC \u00e8 un apparecchio semaforico che trova il suo utilizzo in tutte quelle situazioni che richiedono un\u2019installazione temporanea di un senso unico alternato, incrocio, attraversamento pedonale, uscita mezzi da lavoro, cantieri stradali, ecc.  \u00c8 stato concepito per offrire al cliente la massima flessibilit\u00e0 e facilit\u00e0 di utilizzo e per soddisfare le necessit\u00e0 dei pi\u00f9 esigenti.","og_url":"https:\/\/keti-test.it\/scae\/product\/smc-mobile\/","og_site_name":"SCAE","article_modified_time":"2025-07-09T12:42:06+00:00","og_image":[{"width":800,"height":949,"url":"https:\/\/keti-test.it\/scae\/wp-content\/uploads\/2022\/09\/scm-mobile.jpg","type":"image\/jpeg"}],"twitter_card":"summary_large_image","schema":{"@context":"https:\/\/schema.org","@graph":[{"@type":"WebPage","@id":"https:\/\/keti-test.it\/scae\/product\/smc-mobile\/","url":"https:\/\/keti-test.it\/scae\/product\/smc-mobile\/","name":"SMC MOBILE - SCAE","isPartOf":{"@id":"https:\/\/keti-test.it\/scae\/#website"},"datePublished":"2024-06-07T06:43:29+00:00","dateModified":"2025-07-09T12:42:06+00:00","breadcrumb":{"@id":"https:\/\/keti-test.it\/scae\/product\/smc-mobile\/#breadcrumb"},"inLanguage":"it-IT","potentialAction":[{"@type":"ReadAction","target":["https:\/\/keti-test.it\/scae\/product\/smc-mobile\/"]}]},{"@type":"BreadcrumbList","@id":"https:\/\/keti-test.it\/scae\/product\/smc-mobile\/#breadcrumb","itemListElement":[{"@type":"ListItem","position":1,"name":"Home","item":"https:\/\/keti-test.it\/scae\/"},{"@type":"ListItem","position":2,"name":"Prodotti","item":"https:\/\/keti-test.it\/scae\/shop__trashed\/"},{"@type":"ListItem","position":3,"name":"SMC MOBILE"}]},{"@type":"WebSite","@id":"https:\/\/keti-test.it\/scae\/#website","url":"https:\/\/keti-test.it\/scae\/","name":"SCAE","description":"Safe Mobility","potentialAction":[{"@type":"SearchAction","target":{"@type":"EntryPoint","urlTemplate":"https:\/\/keti-test.it\/scae\/?s={search_term_string}"},"query-input":"required name=search_term_string"}],"inLanguage":"it-IT"}]}},"_links":{"self":[{"href":"https:\/\/keti-test.it\/scae\/wp-json\/wp\/v2\/product\/4493","targetHints":{"allow":["GET"]}}],"collection":[{"href":"https:\/\/keti-test.it\/scae\/wp-json\/wp\/v2\/product"}],"about":[{"href":"https:\/\/keti-test.it\/scae\/wp-json\/wp\/v2\/types\/product"}],"replies":[{"embeddable":true,"href":"https:\/\/keti-test.it\/scae\/wp-json\/wp\/v2\/comments?post=4493"}],"wp:featuredmedia":[{"embeddable":true,"href":"https:\/\/keti-test.it\/scae\/wp-json\/wp\/v2\/media\/5348"}],"wp:attachment":[{"href":"https:\/\/keti-test.it\/scae\/wp-json\/wp\/v2\/media?parent=4493"}],"wp:term":[{"taxonomy":"product_cat","embeddable":true,"href":"https:\/\/keti-test.it\/scae\/wp-json\/wp\/v2\/product_cat?post=4493"},{"taxonomy":"product_tag","embeddable":true,"href":"https:\/\/keti-test.it\/scae\/wp-json\/wp\/v2\/product_tag?post=4493"}],"curies":[{"name":"wp","href":"https:\/\/api.w.org\/{rel}","templated":true}]}}