{"id":5235,"date":"2022-11-11T09:49:49","date_gmt":"2022-11-11T09:49:49","guid":{"rendered":"https:\/\/keti-test.it\/scae\/?post_type=product&#038;p=5235"},"modified":"2025-06-06T23:37:24","modified_gmt":"2025-06-06T23:37:24","slug":"countdown-cd400","status":"publish","type":"product","link":"https:\/\/keti-test.it\/scae\/product\/countdown-cd400\/","title":{"rendered":"COUNTDOWN CD400"},"content":{"rendered":"","protected":false},"excerpt":{"rendered":"<p>Il<strong> countdown CD400<\/strong> \u00e8 utilizzato per informare gli utenti della strada relativamente al tempo rimanente delle fasi semaforiche di colore rosso, giallo, e verde.<\/p>\n<p>Realizzato con <strong>Led RGB<\/strong> ad elevata intensit\u00e0, \u00e8 gestito da microcontrollore e pu\u00f2 essere alimentato e comandato direttamente dalla lanterna semaforica a cui \u00e8 abbinato. Il dispositivo \u00e8 formato da un display per il <strong>conto alla rovescia<\/strong> a due cifre in grado di visualizzare i numeri nei diversi colori coerentemente con le luci del semaforo.<\/p>\n","protected":false},"featured_media":5236,"comment_status":"closed","ping_status":"closed","template":"","meta":[],"product_cat":[63,60],"product_tag":[],"class_list":["post-5235","product","type-product","status-publish","has-post-thumbnail","hentry","product_cat-countdown","product_cat-impianti-semaforici"],"yoast_head":"<!-- This site is optimized with the Yoast SEO plugin v19.6 - https:\/\/yoast.com\/wordpress\/plugins\/seo\/ -->\n<title>COUNTDOWN CD400 - SCAE<\/title>\n<meta name=\"robots\" content=\"index, follow, max-snippet:-1, max-image-preview:large, max-video-preview:-1\" \/>\n<link rel=\"canonical\" href=\"https:\/\/keti-test.it\/scae\/product\/countdown-cd400\/\" \/>\n<meta property=\"og:locale\" content=\"it_IT\" \/>\n<meta property=\"og:type\" content=\"article\" \/>\n<meta property=\"og:title\" content=\"COUNTDOWN CD400 - SCAE\" \/>\n<meta property=\"og:description\" content=\"Il countdown CD400 \u00e8 utilizzato per informare gli utenti della strada relativamente al tempo rimanente delle fasi semaforiche di colore rosso, giallo, e verde.  Realizzato con Led RGB ad elevata intensit\u00e0, \u00e8 gestito da microcontrollore e pu\u00f2 essere alimentato e comandato direttamente dalla lanterna semaforica a cui \u00e8 abbinato. Il dispositivo \u00e8 formato da un display per il conto alla rovescia a due cifre in grado di visualizzare i numeri nei diversi colori coerentemente con le luci del semaforo.\" \/>\n<meta property=\"og:url\" content=\"https:\/\/keti-test.it\/scae\/product\/countdown-cd400\/\" \/>\n<meta property=\"og:site_name\" content=\"SCAE\" \/>\n<meta property=\"article:modified_time\" content=\"2025-06-06T23:37:24+00:00\" \/>\n<meta property=\"og:image\" content=\"https:\/\/keti-test.it\/scae\/wp-content\/uploads\/2022\/11\/COUNTDOWN-CD400.jpg\" \/>\n\t<meta property=\"og:image:width\" content=\"800\" \/>\n\t<meta property=\"og:image:height\" content=\"949\" \/>\n\t<meta property=\"og:image:type\" content=\"image\/jpeg\" \/>\n<meta name=\"twitter:card\" content=\"summary_large_image\" \/>\n<script type=\"application\/ld+json\" class=\"yoast-schema-graph\">{\"@context\":\"https:\/\/schema.org\",\"@graph\":[{\"@type\":\"WebPage\",\"@id\":\"https:\/\/keti-test.it\/scae\/product\/countdown-cd400\/\",\"url\":\"https:\/\/keti-test.it\/scae\/product\/countdown-cd400\/\",\"name\":\"COUNTDOWN CD400 - SCAE\",\"isPartOf\":{\"@id\":\"https:\/\/keti-test.it\/scae\/#website\"},\"datePublished\":\"2022-11-11T09:49:49+00:00\",\"dateModified\":\"2025-06-06T23:37:24+00:00\",\"breadcrumb\":{\"@id\":\"https:\/\/keti-test.it\/scae\/product\/countdown-cd400\/#breadcrumb\"},\"inLanguage\":\"it-IT\",\"potentialAction\":[{\"@type\":\"ReadAction\",\"target\":[\"https:\/\/keti-test.it\/scae\/product\/countdown-cd400\/\"]}]},{\"@type\":\"BreadcrumbList\",\"@id\":\"https:\/\/keti-test.it\/scae\/product\/countdown-cd400\/#breadcrumb\",\"itemListElement\":[{\"@type\":\"ListItem\",\"position\":1,\"name\":\"Home\",\"item\":\"https:\/\/keti-test.it\/scae\/\"},{\"@type\":\"ListItem\",\"position\":2,\"name\":\"Prodotti\",\"item\":\"https:\/\/keti-test.it\/scae\/shop__trashed\/\"},{\"@type\":\"ListItem\",\"position\":3,\"name\":\"COUNTDOWN CD400\"}]},{\"@type\":\"WebSite\",\"@id\":\"https:\/\/keti-test.it\/scae\/#website\",\"url\":\"https:\/\/keti-test.it\/scae\/\",\"name\":\"SCAE\",\"description\":\"Safe Mobility\",\"potentialAction\":[{\"@type\":\"SearchAction\",\"target\":{\"@type\":\"EntryPoint\",\"urlTemplate\":\"https:\/\/keti-test.it\/scae\/?s={search_term_string}\"},\"query-input\":\"required name=search_term_string\"}],\"inLanguage\":\"it-IT\"}]}<\/script>\n<!-- \/ Yoast SEO plugin. -->","yoast_head_json":{"title":"COUNTDOWN CD400 - SCAE","robots":{"index":"index","follow":"follow","max-snippet":"max-snippet:-1","max-image-preview":"max-image-preview:large","max-video-preview":"max-video-preview:-1"},"canonical":"https:\/\/keti-test.it\/scae\/product\/countdown-cd400\/","og_locale":"it_IT","og_type":"article","og_title":"COUNTDOWN CD400 - SCAE","og_description":"Il countdown CD400 \u00e8 utilizzato per informare gli utenti della strada relativamente al tempo rimanente delle fasi semaforiche di colore rosso, giallo, e verde.  Realizzato con Led RGB ad elevata intensit\u00e0, \u00e8 gestito da microcontrollore e pu\u00f2 essere alimentato e comandato direttamente dalla lanterna semaforica a cui \u00e8 abbinato. Il dispositivo \u00e8 formato da un display per il conto alla rovescia a due cifre in grado di visualizzare i numeri nei diversi colori coerentemente con le luci del semaforo.","og_url":"https:\/\/keti-test.it\/scae\/product\/countdown-cd400\/","og_site_name":"SCAE","article_modified_time":"2025-06-06T23:37:24+00:00","og_image":[{"width":800,"height":949,"url":"https:\/\/keti-test.it\/scae\/wp-content\/uploads\/2022\/11\/COUNTDOWN-CD400.jpg","type":"image\/jpeg"}],"twitter_card":"summary_large_image","schema":{"@context":"https:\/\/schema.org","@graph":[{"@type":"WebPage","@id":"https:\/\/keti-test.it\/scae\/product\/countdown-cd400\/","url":"https:\/\/keti-test.it\/scae\/product\/countdown-cd400\/","name":"COUNTDOWN CD400 - SCAE","isPartOf":{"@id":"https:\/\/keti-test.it\/scae\/#website"},"datePublished":"2022-11-11T09:49:49+00:00","dateModified":"2025-06-06T23:37:24+00:00","breadcrumb":{"@id":"https:\/\/keti-test.it\/scae\/product\/countdown-cd400\/#breadcrumb"},"inLanguage":"it-IT","potentialAction":[{"@type":"ReadAction","target":["https:\/\/keti-test.it\/scae\/product\/countdown-cd400\/"]}]},{"@type":"BreadcrumbList","@id":"https:\/\/keti-test.it\/scae\/product\/countdown-cd400\/#breadcrumb","itemListElement":[{"@type":"ListItem","position":1,"name":"Home","item":"https:\/\/keti-test.it\/scae\/"},{"@type":"ListItem","position":2,"name":"Prodotti","item":"https:\/\/keti-test.it\/scae\/shop__trashed\/"},{"@type":"ListItem","position":3,"name":"COUNTDOWN CD400"}]},{"@type":"WebSite","@id":"https:\/\/keti-test.it\/scae\/#website","url":"https:\/\/keti-test.it\/scae\/","name":"SCAE","description":"Safe Mobility","potentialAction":[{"@type":"SearchAction","target":{"@type":"EntryPoint","urlTemplate":"https:\/\/keti-test.it\/scae\/?s={search_term_string}"},"query-input":"required name=search_term_string"}],"inLanguage":"it-IT"}]}},"_links":{"self":[{"href":"https:\/\/keti-test.it\/scae\/wp-json\/wp\/v2\/product\/5235","targetHints":{"allow":["GET"]}}],"collection":[{"href":"https:\/\/keti-test.it\/scae\/wp-json\/wp\/v2\/product"}],"about":[{"href":"https:\/\/keti-test.it\/scae\/wp-json\/wp\/v2\/types\/product"}],"replies":[{"embeddable":true,"href":"https:\/\/keti-test.it\/scae\/wp-json\/wp\/v2\/comments?post=5235"}],"wp:featuredmedia":[{"embeddable":true,"href":"https:\/\/keti-test.it\/scae\/wp-json\/wp\/v2\/media\/5236"}],"wp:attachment":[{"href":"https:\/\/keti-test.it\/scae\/wp-json\/wp\/v2\/media?parent=5235"}],"wp:term":[{"taxonomy":"product_cat","embeddable":true,"href":"https:\/\/keti-test.it\/scae\/wp-json\/wp\/v2\/product_cat?post=5235"},{"taxonomy":"product_tag","embeddable":true,"href":"https:\/\/keti-test.it\/scae\/wp-json\/wp\/v2\/product_tag?post=5235"}],"curies":[{"name":"wp","href":"https:\/\/api.w.org\/{rel}","templated":true}]}}