{"id":5426,"date":"2024-06-28T11:25:24","date_gmt":"2024-06-28T11:25:24","guid":{"rendered":"https:\/\/keti-test.it\/scae\/?post_type=product&#038;p=5426"},"modified":"2025-06-07T19:31:29","modified_gmt":"2025-06-07T19:31:29","slug":"thermicam-ai","status":"publish","type":"product","link":"https:\/\/keti-test.it\/scae\/product\/thermicam-ai\/","title":{"rendered":"THERMICAM AI"},"content":{"rendered":"","protected":false},"excerpt":{"rendered":"<p><strong>Sensore termico di traffico basato su AI<\/strong><\/p>\n<p><strong>ThermiCam AI<\/strong> \u00e8 un <strong>sensore termico intelligente<\/strong> progettato per rilevare e classificare in modo affidabile gli utenti della strada, per il monitoraggio del traffico in ambienti urbani complessi. Basato su algoritmi AI perfezionati in oltre 25 anni di esperienza nella rilevazione del traffico e sulla migliore <strong>termocamera<\/strong> della sua categoria, <strong>ThermiCam AI<\/strong> fornisce una visione continua e funzioni di raccolta dati per rendere le citt\u00e0 pi\u00f9 sicure ed efficienti.<\/p>\n<p>La <strong>tecnologia di intelligenza artificiale avanzata<\/strong> consente il tracciamento di pi\u00f9 oggetti in qualsiasi condizione di luce, per controllare efficacemente gli incroci, contribuire alla protezione degli utenti della strada pi\u00f9 vulnerabile ed acquisire dati dettagliati sul traffico per prendere decisioni pi\u00f9 mirate sulla pianificazione della viabilit\u00e0.<\/p>\n","protected":false},"featured_media":5428,"comment_status":"closed","ping_status":"closed","template":"","meta":[],"product_cat":[60,64],"product_tag":[],"class_list":["post-5426","product","type-product","status-publish","has-post-thumbnail","hentry","product_cat-impianti-semaforici","product_cat-sensori"],"yoast_head":"<!-- This site is optimized with the Yoast SEO plugin v19.6 - https:\/\/yoast.com\/wordpress\/plugins\/seo\/ -->\n<title>THERMICAM AI - SCAE<\/title>\n<meta name=\"robots\" content=\"index, follow, max-snippet:-1, max-image-preview:large, max-video-preview:-1\" \/>\n<link rel=\"canonical\" href=\"https:\/\/keti-test.it\/scae\/product\/thermicam-ai\/\" \/>\n<meta property=\"og:locale\" content=\"it_IT\" \/>\n<meta property=\"og:type\" content=\"article\" \/>\n<meta property=\"og:title\" content=\"THERMICAM AI - SCAE\" \/>\n<meta property=\"og:description\" content=\"Sensore termico di traffico basato su AI  ThermiCam AI \u00e8 un sensore termico intelligente progettato per rilevare e classificare in modo affidabile gli utenti della strada, per il monitoraggio del traffico in ambienti urbani complessi. Basato su algoritmi AI perfezionati in oltre 25 anni di esperienza nella rilevazione del traffico e sulla migliore termocamera della sua categoria, ThermiCam AI fornisce una visione continua e funzioni di raccolta dati per rendere le citt\u00e0 pi\u00f9 sicure ed efficienti.  La tecnologia di intelligenza artificiale avanzata consente il tracciamento di pi\u00f9 oggetti in qualsiasi condizione di luce, per controllare efficacemente gli incroci, contribuire alla protezione degli utenti della strada pi\u00f9 vulnerabile ed acquisire dati dettagliati sul traffico per prendere decisioni pi\u00f9 mirate sulla pianificazione della viabilit\u00e0.\" \/>\n<meta property=\"og:url\" content=\"https:\/\/keti-test.it\/scae\/product\/thermicam-ai\/\" \/>\n<meta property=\"og:site_name\" content=\"SCAE\" \/>\n<meta property=\"article:modified_time\" content=\"2025-06-07T19:31:29+00:00\" \/>\n<meta property=\"og:image\" content=\"https:\/\/keti-test.it\/scae\/wp-content\/uploads\/2024\/06\/THERMICAM-AI.jpg\" \/>\n\t<meta property=\"og:image:width\" content=\"800\" \/>\n\t<meta property=\"og:image:height\" content=\"949\" \/>\n\t<meta property=\"og:image:type\" content=\"image\/jpeg\" \/>\n<meta name=\"twitter:card\" content=\"summary_large_image\" \/>\n<script type=\"application\/ld+json\" class=\"yoast-schema-graph\">{\"@context\":\"https:\/\/schema.org\",\"@graph\":[{\"@type\":\"WebPage\",\"@id\":\"https:\/\/keti-test.it\/scae\/product\/thermicam-ai\/\",\"url\":\"https:\/\/keti-test.it\/scae\/product\/thermicam-ai\/\",\"name\":\"THERMICAM AI - SCAE\",\"isPartOf\":{\"@id\":\"https:\/\/keti-test.it\/scae\/#website\"},\"datePublished\":\"2024-06-28T11:25:24+00:00\",\"dateModified\":\"2025-06-07T19:31:29+00:00\",\"breadcrumb\":{\"@id\":\"https:\/\/keti-test.it\/scae\/product\/thermicam-ai\/#breadcrumb\"},\"inLanguage\":\"it-IT\",\"potentialAction\":[{\"@type\":\"ReadAction\",\"target\":[\"https:\/\/keti-test.it\/scae\/product\/thermicam-ai\/\"]}]},{\"@type\":\"BreadcrumbList\",\"@id\":\"https:\/\/keti-test.it\/scae\/product\/thermicam-ai\/#breadcrumb\",\"itemListElement\":[{\"@type\":\"ListItem\",\"position\":1,\"name\":\"Home\",\"item\":\"https:\/\/keti-test.it\/scae\/\"},{\"@type\":\"ListItem\",\"position\":2,\"name\":\"Prodotti\",\"item\":\"https:\/\/keti-test.it\/scae\/shop__trashed\/\"},{\"@type\":\"ListItem\",\"position\":3,\"name\":\"THERMICAM AI\"}]},{\"@type\":\"WebSite\",\"@id\":\"https:\/\/keti-test.it\/scae\/#website\",\"url\":\"https:\/\/keti-test.it\/scae\/\",\"name\":\"SCAE\",\"description\":\"Safe Mobility\",\"potentialAction\":[{\"@type\":\"SearchAction\",\"target\":{\"@type\":\"EntryPoint\",\"urlTemplate\":\"https:\/\/keti-test.it\/scae\/?s={search_term_string}\"},\"query-input\":\"required name=search_term_string\"}],\"inLanguage\":\"it-IT\"}]}<\/script>\n<!-- \/ Yoast SEO plugin. -->","yoast_head_json":{"title":"THERMICAM AI - SCAE","robots":{"index":"index","follow":"follow","max-snippet":"max-snippet:-1","max-image-preview":"max-image-preview:large","max-video-preview":"max-video-preview:-1"},"canonical":"https:\/\/keti-test.it\/scae\/product\/thermicam-ai\/","og_locale":"it_IT","og_type":"article","og_title":"THERMICAM AI - SCAE","og_description":"Sensore termico di traffico basato su AI  ThermiCam AI \u00e8 un sensore termico intelligente progettato per rilevare e classificare in modo affidabile gli utenti della strada, per il monitoraggio del traffico in ambienti urbani complessi. Basato su algoritmi AI perfezionati in oltre 25 anni di esperienza nella rilevazione del traffico e sulla migliore termocamera della sua categoria, ThermiCam AI fornisce una visione continua e funzioni di raccolta dati per rendere le citt\u00e0 pi\u00f9 sicure ed efficienti.  La tecnologia di intelligenza artificiale avanzata consente il tracciamento di pi\u00f9 oggetti in qualsiasi condizione di luce, per controllare efficacemente gli incroci, contribuire alla protezione degli utenti della strada pi\u00f9 vulnerabile ed acquisire dati dettagliati sul traffico per prendere decisioni pi\u00f9 mirate sulla pianificazione della viabilit\u00e0.","og_url":"https:\/\/keti-test.it\/scae\/product\/thermicam-ai\/","og_site_name":"SCAE","article_modified_time":"2025-06-07T19:31:29+00:00","og_image":[{"width":800,"height":949,"url":"https:\/\/keti-test.it\/scae\/wp-content\/uploads\/2024\/06\/THERMICAM-AI.jpg","type":"image\/jpeg"}],"twitter_card":"summary_large_image","schema":{"@context":"https:\/\/schema.org","@graph":[{"@type":"WebPage","@id":"https:\/\/keti-test.it\/scae\/product\/thermicam-ai\/","url":"https:\/\/keti-test.it\/scae\/product\/thermicam-ai\/","name":"THERMICAM AI - SCAE","isPartOf":{"@id":"https:\/\/keti-test.it\/scae\/#website"},"datePublished":"2024-06-28T11:25:24+00:00","dateModified":"2025-06-07T19:31:29+00:00","breadcrumb":{"@id":"https:\/\/keti-test.it\/scae\/product\/thermicam-ai\/#breadcrumb"},"inLanguage":"it-IT","potentialAction":[{"@type":"ReadAction","target":["https:\/\/keti-test.it\/scae\/product\/thermicam-ai\/"]}]},{"@type":"BreadcrumbList","@id":"https:\/\/keti-test.it\/scae\/product\/thermicam-ai\/#breadcrumb","itemListElement":[{"@type":"ListItem","position":1,"name":"Home","item":"https:\/\/keti-test.it\/scae\/"},{"@type":"ListItem","position":2,"name":"Prodotti","item":"https:\/\/keti-test.it\/scae\/shop__trashed\/"},{"@type":"ListItem","position":3,"name":"THERMICAM AI"}]},{"@type":"WebSite","@id":"https:\/\/keti-test.it\/scae\/#website","url":"https:\/\/keti-test.it\/scae\/","name":"SCAE","description":"Safe Mobility","potentialAction":[{"@type":"SearchAction","target":{"@type":"EntryPoint","urlTemplate":"https:\/\/keti-test.it\/scae\/?s={search_term_string}"},"query-input":"required name=search_term_string"}],"inLanguage":"it-IT"}]}},"_links":{"self":[{"href":"https:\/\/keti-test.it\/scae\/wp-json\/wp\/v2\/product\/5426","targetHints":{"allow":["GET"]}}],"collection":[{"href":"https:\/\/keti-test.it\/scae\/wp-json\/wp\/v2\/product"}],"about":[{"href":"https:\/\/keti-test.it\/scae\/wp-json\/wp\/v2\/types\/product"}],"replies":[{"embeddable":true,"href":"https:\/\/keti-test.it\/scae\/wp-json\/wp\/v2\/comments?post=5426"}],"wp:featuredmedia":[{"embeddable":true,"href":"https:\/\/keti-test.it\/scae\/wp-json\/wp\/v2\/media\/5428"}],"wp:attachment":[{"href":"https:\/\/keti-test.it\/scae\/wp-json\/wp\/v2\/media?parent=5426"}],"wp:term":[{"taxonomy":"product_cat","embeddable":true,"href":"https:\/\/keti-test.it\/scae\/wp-json\/wp\/v2\/product_cat?post=5426"},{"taxonomy":"product_tag","embeddable":true,"href":"https:\/\/keti-test.it\/scae\/wp-json\/wp\/v2\/product_tag?post=5426"}],"curies":[{"name":"wp","href":"https:\/\/api.w.org\/{rel}","templated":true}]}}